t = k - c. Is t a composite number?
True
Let z = 22284 + -31936. Is 3*(-2 - (-5 - -2)) - z a prime number?
False
Suppose -3*t = -3*l - 980760, -224*t + 3*l + 653837 = -222*t. Is t a composite number?
False
Suppose -7*w + 642369 = 176459 - 159141. Is w a prime number?
True
Let h(j) = 35*j**3 + 2*j - 72*j**3 + 36*j**3 + 17*j**2 - 8. Is h(13) a prime number?
False
Let p(l) = -l - 1. Let z be p(-5). Suppose -z*g + 323 + 225 = 0. Let o = 21 + g. Is o a prime number?
False
Let x = 494914 + -282945. Is x a composite number?
False
Suppose -38*h = -15*h - 15870. Suppose 3*z - h = -2*a + 67, 1014 = 4*z + 5*a. Is z a prime number?
True
Let g(j) = -540*j - 5. Let k be g(-6). Suppose -10*s + 3606 - 3576 = 0. Suppose s*q - 6992 = k. Is q a composite number?
True
Let b = 249 - 240. Is (14838/(-8))/(b/(-36)) prime?
False
Let h be 18/36 + 125098/4. Suppose h = 76*v - 71*v. Suppose 5*b - v = -5*q, 2*b = -0*b - 3*q + 2504. Is b a prime number?
True
Suppose -9*i + 37 = -35. Suppose -v = -i*v + 3122. Is v prime?
False
Is (-22 + (-654255)/(-30))*(-2)/(-1) a composite number?
False
Let y(v) = -68*v + 5. Let p be y(-1). Suppose -3*l = 2*s - 199, 2*s - p = -2*l + l. Suppose -66*n + l*n + 471 = 0. Is n composite?
False
Let z(c) = 6789*c + 52. Is z(5) a prime number?
True
Let i be ((-54)/36)/(2/12). Let q(j) = -j**3 - 8*j**2 + 10*j + 13. Let r be q(i). Suppose 1400 = r*f - 828. Is f prime?
True
Suppose 3*t - 73363 = -4*w + 24969, -2*t = 16. Is w prime?
False
Suppose -21*x = -13*x - 509560. Is x prime?
False
Is ((-24)/(-16) - 0)*(12 + 13754) a composite number?
True
Suppose 43 = q + 4*g, 161 = 5*q + 3*g - g. Let r = q - 28. Suppose -r*m + 4*v = -993, v = -v. Is m a prime number?
True
Suppose 140474*o + 2913945 = 140489*o. Is o prime?
True
Let j = 89780 - 63073. Is j a prime number?
False
Let t be (-44)/55 + 99/5. Suppose -18 = -2*u + 3*k - 1, -2*k = u - t. Suppose 565 = 2*c - u. Is c composite?
True
Let h(u) = 381*u**2 - 4*u - 7. Let k be h(-3). Let m = -2347 + k. Is m a prime number?
True
Suppose 5065 = 17*k - 3962. Let w = 568 - k. Is w a composite number?
False
Suppose m + m = 8. Suppose -2*g + m*u = -0*u - 730, 3*g - 3*u - 1101 = 0. Suppose g = 2*s - 389. Is s a composite number?
False
Let f be (1 + -2)/(1/(-2)) - -876. Suppose 11934 = 4*h - f. Is h composite?
False
Let h = -373658 + 650421. Is h a composite number?
False
Let j be (-6)/(-9)*(11265/10 - 0). Suppose -s + 3*p = -j, -3*p - 1707 = -3*s + 546. Is s a prime number?
True
Suppose -3*y = -32 + 32. Suppose -2*p + y*p = -9158. Let i = p + -3180. Is i a composite number?
False
Suppose 7 = -5*y - 63. Let o = -23 - y. Let m(a) = 2*a**2 - 7*a - 22. Is m(o) a prime number?
False
Let t(r) = 12741*r**3 - 18*r**2 + 31*r - 107. Is t(5) a prime number?
False
Suppose c - 7 = 15. Suppose -c*v = -25*v + 12. Suppose 0 = q - 0*q - y - 198, -v*y + 629 = 3*q. Is q a composite number?
True
Suppose 173*u - 176*u = -26346. Suppose -11848 = -10*p + u. Is p a composite number?
False
Let s(a) = -9565*a**3 + 3*a**2 - 3. Suppose -4*l = 4*f, -5*l + 2 = -15*f + 18*f. Is s(f) a prime number?
False
Let c(s) = -15151*s + 18. Let x be c(-1). Suppose 11*q = 22*q - x. Is q composite?
True
Let k be (-20)/(-6)*(-8)/((-80)/13305). Let i = -1219 + k. Is i/18 - 3/(18/4) a composite number?
True
Let a(q) = 3*q - 57. Let i be a(24). Suppose -i*f = -122947 - 29438. Is f a composite number?
False
Suppose 3*z = 2*k + 115 + 40, 0 = -k + 2. Let b = 56 - z. Suppose 4*d = p - 1227, -3637 = -b*p - 0*d + d. Is p composite?
True
Let v = -315 - -317. Is (-41)/(-41) - (-2 - 5030)/v a prime number?
False
Let v be ((7 - 6) + -13)*-23. Let j = 283 + v. Is j composite?
True
Suppose -2*t = 9*t - 11. Suppose -k + 5*f = -0*k - 4, 3*k = 2*f - t. Is (10 - 13) + (1850 - (k + 1)) prime?
True
Let g(j) = 6*j + 5. Let c be g(0). Suppose c*n + 616 = i, -4*i + 2464 = -n - 2*n. Suppose 0 = 8*u - 10*u - 2*p + i, 5*u - 1534 = p. Is u a prime number?
True
Let i(b) = 197*b**3 + 4*b**2 + 34*b - 50. Is i(9) a prime number?
False
Let u(q) = q**3 + 6*q**2 - 3*q - 15. Let c be u(-6). Suppose -b + 0 = -4*w + c, -9 = -4*w + 3*b. Suppose w = -0*z + 6*z - 6522. Is z composite?
False
Suppose 6*h = 3*h. Suppose h = -2*a - 22 + 8. Is -92*a/(56/10) composite?
True
Suppose 0 = 45*s - 52*s + 209776. Let p = s + -17655. Is p composite?
True
Let x(u) = 1052*u**3 - 3*u**2 + u - 33. Let m be x(4). Suppose 21328 + m = 3*a - 2*k, 3*a + 4*k - 88585 = 0. Is a prime?
True
Let a be 143 + 3/(-2)*(-20)/(-15). Let l = 24 + -52. Let k = l + a. Is k a composite number?
False
Let w = 93293 - -224642. Is w a composite number?
True
Let u = 446 - 441. Suppose -b = 2*b - 2*r - 5992, 9985 = u*b - 3*r. Is b composite?
True
Suppose 4*x = 4*y, x + 5*y + 30 = -4*x. Let m be (-12)/(-18) - (-1436)/x. Let s = 1019 + m. Is s a composite number?
False
Let f(h) = h**3 - 8*h**2 + 9*h - 14. Let t be f(7). Suppose -8*q + 27 + 5 = t. Suppose 4*l = -q*c + 2012, 0 = 4*c + c - 20. Is l composite?
False
Is (507/26)/13*(-3808808)/(-12) composite?
False
Suppose -68*y + 358799 = -3688405 - 1334248. Is y a composite number?
False
Let j be 516806/8 - (-15)/(-20). Suppose 0 = -9*n + j - 19231. Is n composite?
True
Suppose 59*d = 55*d. Let l = d + 81. Suppose 3*m - l = -i + m, -m - 427 = -5*i. Is i a composite number?
True
Let d(w) = -1293*w + 25. Let m = -25 - -18. Let v be d(m). Suppose 9578 + v = 6*a. Is a a prime number?
True
Let r be -3 - (-6 - 2) - 1. Suppose -3*j = 6, -r*k - 2*j + 1087 = -1161. Is k prime?
True
Let m(h) = h + 1. Suppose 3 = 2*k - 1. Let s be m(k). Suppose -s*w + w = -i + 123, -i = 5*w - 95. Is i a prime number?
False
Suppose 376636 = 54*r - 4575326. Is r composite?
False
Suppose -11*q = 27*q - 41*q + 336963. Is q composite?
True
Let u(h) = 195*h**2 + 27*h + 31. Is u(14) composite?
False
Suppose 6619 + 5703 = 4*c + 3*p, -2*c = p - 6160. Is c a prime number?
True
Suppose 4*p - 17 + 15 = -3*x, 22 = 3*x - p. Is 4647/x*(24*-2)/(-8) composite?
True
Let f be (0 - -3)*20103 + 8. Suppose 11*j - f = -11334. Is j prime?
False
Let a(l) = -3*l. Let v(g) = -191*g**2 + 10*g - 7. Let f(b) = 6*a(b) - v(b). Is f(-12) a prime number?
True
Let c(m) = 937*m + 297. Let h be (1/(2 + 1))/((-40)/(-720)). Is c(h) a prime number?
False
Let d(n) = 92*n**2 + 1073*n + 97. Is d(58) a composite number?
True
Suppose n = p + 408, 2*p - n + 1635 = -2*p. Suppose -1772 = -3*c - 4*b, -3*c + 2099 = b + 324. Let x = p + c. Is x a composite number?
True
Suppose -211*c + 315110 = -201*c. Is c composite?
False
Is ((-3)/(-2)*(-7)/42)/((-4)/37606384) a prime number?
True
Let v = -888 + 2603. Let f = -749 + v. Suppose -c + d = 4*d - f, -3*c + 4*d = -2833. Is c composite?
True
Let d(o) = -4*o + 1. Let i(h) = 5*h - 2. Let s(f) = 4*d(f) + 3*i(f). Let b be s(-3). Is (b - 0)*(-20 + 1517) prime?
False
Suppose -4*i = -5*l + 161737, 17*i + 226424 = 7*l + 14*i. Is l composite?
True
Let j(l) = 2*l**2 - 32*l + 3. Let p be j(16). Let u(z) = z**2 + 9*z - 6. Let a be u(-10). Suppose 0 = p*d - 2*r - 5261, -a*d - 5*r + 7807 = 754. Is d prime?
False
Let o = 150135 - 46738. Is o a prime number?
False
Let o = 100 + -96. Let b be (o - 2)*-1 - -2. Suppose 2*v + v - 2553 = b. Is v a composite number?
True
Let a(c) be the first derivative of -c**4/4 + c**3 - c**2/2 + 2*c + 14. Let d be a(2). Is 375 + (0 - -3) + d composite?
True
Suppose 13*x - 299920 = 342319. Is x a prime number?
False
Suppose 5*m - 2*d + 4 = -7, -14 = 2*m + 4*d. Let n = m - -8. Suppose 4*x + l - 1507 = 0, 0 = x + 4*l - n*l - 378. Is x prime?
False
Let x(m) = 2*m**3 + 367*m**2 + 243*m - 375. Is x(-112) a prime number?
True
Let g(k) = k**2 + 23*k + 60. Let f = -23 - -3. Let y be g(f). Suppose y = -15*h - 12096 + 35241. Is h a composite number?
False
Let f(z) be the first derivative of -149*z**2/2 - 22*z + 44. Is f(-9) a prime number?
True
Let t be (-2 + -1)*-1*(16 - 15). Let c be t/(-2 - -5)*0. Suppose -3*y + 7869 + 6852 = c. Is y composite?
True
Let v(z) = -6797*z + 1704. Is v(-5) a composite number?
True
Let m(n) = -68 - 70 + 149 - 580*n. Let c be 3/3*(1 + -7). Is m(c) prime?
True
Let s(a) = a. Let c(y) = -y**3 - 5*y**2 - 3*y - 14. Let h(j) = c(j) - 4*s(j). Let u be h(-4). Is 571 + (0 + 0)/u a composite number?
False
Let p = 22 + -10. Let a be p/(-4) - 10/(-2). Suppose 0 = -s, k = -a*k + 2*s + 174. Is k a composit